mmon divisor of b and 357?
21
Let u(s) be the second derivative of s**3/6 + 9*s**2/2 - s. Let a be (-4)/8*8 + 21. Let i be u(a). Calculate the greatest common factor of 39 and i.
13
Let z be (144/10)/(2/25). Let m(n) = 6*n**2 - 4*n + 30. Let i be m(3). What is the greatest common factor of i and z?
36
Suppose 5*k - 4*c - 40 = k, -5*k - 5*c = -100. What is the greatest common divisor of k and 75?
15
Let v be -3 + 372/(-8)*6/(-9). What is the greatest common factor of v and 48?
4
Let b(o) = -9*o - 19 - 6*o - 4*o + 17*o. Let l(x) = x + 10. Let a(f) = -3*b(f) - 5*l(f). Let h be a(-4). Calculate the highest common factor of h and 3.
3
Suppose -3*v - 12 = -k, -2 - 1 = -3*v - 4*k. Let a be ((-5)/v)/(4/60). What is the greatest common divisor of 25 and a?
25
Suppose 5*y + 4*d - 120 = d, -24 = -y - 4*d. Suppose 3*n - y = 18. Let q = -897 - -925. Calculate the greatest common divisor of n and q.
14
Suppose 5 = -3*d - 43. Let p be (-9)/(4/d - 0). What is the highest common factor of p and 24?
12
Let v be 6/24 + 38/8. Suppose v*y - 5*k = 242 + 98, -y + 68 = -3*k. Calculate the highest common factor of y and 34.
34
Let l be 1 + (0 - 0 - -20). Suppose 19*k - 81*k + 434 = 0. Calculate the greatest common factor of l and k.
7
Let h be 6/(-4)*(18 - 20). Suppose -5*y - 180 = -h*j, y + 1 + 239 = 4*j. Calculate the greatest common divisor of 15 and j.
15
Let y(f) = -47*f - 4. Let k be y(-11). Calculate the highest common factor of k and 27.
27
Suppose -6*n + 176 = 5*y - 5*n, 4*n = 5*y - 171. What is the highest common factor of 25 and y?
5
Let q be (1476/(-410))/(-2 + (-34)/(-20)). Calculate the greatest common factor of q and 750.
6
Let i be -34*(2 - 0)/(-4). Suppose -3*c - i = -173. What is the highest common factor of c and 13?
13
Let z(q) = q**2 - 6*q - 4. Let y be z(7). Suppose 2 + y = o. Suppose 2*a - 5 + 3 = 0. Calculate the highest common divisor of o and a.
1
Let j = -99 + 100. Let k be (91 + j)/(10/25). Calculate the greatest common factor of k and 46.
46
Let n = -12 - -12. Suppose 5*b = -10, -2*b = -4*k - n*b + 24. Suppose -45 = d - 2*d + 3*z, -4*d - z + 180 = 0. What is the highest common divisor of k and d?
5
Suppose t - 18 = -2*x - 3*t, -4*t = 4*x - 28. Suppose q = -2*v + 84, 0 = v + 3*v - 3*q - 148. Calculate the greatest common divisor of x and v.
5
Suppose -336 = 10*a - 18*a. Let p = -15 + 21. Calculate the greatest common divisor of a and p.
6
Suppose -3*b + 123 = 4*p, 0*b = p - 3*b - 42. Calculate the highest common factor of p and 6.
3
Suppose -2187 - 1509 = -6*m. Suppose -4*h + r = -497, 5*h + 0*h - 3*r = m. What is the greatest common divisor of h and 50?
25
Let b(w) = 5*w**2 + 3*w - 1. Let v be b(-3). Let h be (-3)/(-3) + (-163)/1. Let o be 1/2 + h/(-12). Calculate the greatest common factor of v and o.
7
Suppose -w = -6*w + 475. Suppose -f + 10 - 6 = 0, -3*z + 4*f = -98. Calculate the highest common divisor of w and z.
19
Let v(j) be the third derivative of -j**5/60 + j**4/2 - 9*j**3/2 - 4*j**2. Let n be v(6). What is the highest common factor of 9 and n?
9
Suppose 114 = 5*m - 3*r, -27 = -m - 0*r + 2*r. Let s be (-5)/10 - 17/(-2). Let d be ((-9)/(-12))/(2/s). Calculate the highest common divisor of m and d.
3
Let n = -1840 + 2962. What is the greatest common factor of 22 and n?
22
Suppose p - 280 = -4*x, 5*x - 2*x = -2*p + 570. What is the highest common divisor of p and 9?
9
Let n(k) = -k**2 - 20*k - 22. Let h be n(-19). Let p be (1 - -1)*4*(h + 4). What is the highest common divisor of 64 and p?
8
Suppose 6*h - 2*h = 4*g + 12, -2*h = g - 12. Suppose g = -21*j + 22*j. What is the highest common factor of 14 and j?
2
Suppose -3*o + 6*z + 39 = 11*z, 84 = 4*o - 4*z. Calculate the highest common factor of 243 and o.
9
Let p(u) = 2*u**3 - 21*u**2 - 11*u + 12. Let l be p(11). Suppose 80 = 3*w + 2*w. What is the greatest common factor of w and l?
4
Suppose 0 = 3*m + 2*m + 3*m. Let f be m - -1 - 3 - -21. Let l = -204 - -356. What is the greatest common divisor of f and l?
19
Let x be (-24)/3*(1 - 3). Suppose -4*s = x - 232. Let p be 12/s - (-754)/9. Calculate the highest common divisor of p and 21.
21
Let m = 11 + -7. Suppose -m*u + 142 = -3*u + c, -2*u + 2*c = -292. Let h = -56 + 80. What is the highest common divisor of h and u?
24
Let j = -398 - -206. Let l = 333 + j. Suppose -3*y + 429 = 3*k - 0*y, -k + l = 3*y. What is the greatest common divisor of 18 and k?
18
Suppose -5*q = -t - 59, -q + 17 = t + 4*t. Calculate the highest common factor of q and 492.
12
Suppose 3*i = 3*v - 12, 3*v - 8 = -3*i + v. Suppose h + 2*h - 315 = i. Calculate the highest common divisor of 21 and h.
21
Let t = 26 + 46. Suppose 14*l - t = 6*l. Calculate the highest common factor of 3 and l.
3
Let k be (0 - 3)/((-2)/218 - 0). Calculate the highest common divisor of 3 and k.
3
Suppose -9*p = 20 + 16. Let o be 1 + (-1)/p + (-537)/(-12). Calculate the greatest common divisor of 115 and o.
23
Suppose -3*a = a - 68. Suppose r - 5*s + 2*s = 212, -5*r = -3*s - 1096. Let h = 374 - r. Calculate the greatest common divisor of h and a.
17
Let v = 70 - 65. Suppose v*g - 2*g = 6. Calculate the highest common divisor of 6 and g.
2
Let s = 29 - 66. Let g = 184 + -253. Let x = s - g. Calculate the highest common factor of x and 80.
16
Let h = -12 + 10. Let u be -6*3*1/h. Let o be -2*3*(0 - 1). What is the greatest common divisor of u and o?
3
Suppose -35 = -3*n - 5*h, -h + 41 = 3*n + n. Suppose 0*b - 2*b = 14. Let g = -6 - b. Calculate the greatest common divisor of n and g.
1
Let q(n) = 4*n**2 + 12*n - 13. Let k be q(1). Let d be (-30)/(-50) - 17/(-5). What is the greatest common factor of k and d?
1
Let l be (-222)/(-14) + (-6)/(-42). Let z be (-1)/(-3) - 2568/36. Let s = 183 + z. What is the greatest common factor of l and s?
16
Let y = 128 - 68. Let k be (-30)/4*(-192)/y. What is the highest common divisor of 36 and k?
12
Let w = 38 + -25. Suppose 5*g + 28 = -4*y, 5*y = 5*g + 1 + 9. Let f be ((-11)/y)/(4/104). What is the highest common divisor of f and w?
13
Let y(s) = 2*s**2 - 14*s + 85. Let m be y(10). What is the greatest common factor of 20 and m?
5
Suppose 0 = v - 2*v - 3*y - 7, 23 = v - 3*y. Let a(x) = -71*x - 28. Let t be a(-4). Suppose 0 = 35*k - 39*k + t. What is the highest common factor of v and k?
8
Let x be 1 + -252 + (-2 - 0). Let n = -178 - x. What is the greatest common divisor of n and 15?
15
Suppose g = -2*g + 9. Suppose 20 - 660 = -5*k. Suppose 0 = g*f - 7*f + k. Calculate the greatest common divisor of 256 and f.
32
Suppose -509*x + 505*x + 144 = 0. Let i be (-1)/(-2) + (-716)/(-8). What is the greatest common factor of x and i?
18
Let s be 3/(-5) - (-4 + 268/20). Let i be 22*((-1)/2)/(-1). Let v = s + i. Calculate the highest common divisor of 1 and v.
1
Let a be -6*(0 - -1) + 2. Suppose -7*p = 23 - 142. Let u = a + p. Calculate the greatest common factor of 13 and u.
13
Let d be 1525/35 - (-39)/91. What is the highest common divisor of d and 1892?
44
Let d(b) = -b**3 - 26*b**2 + 67*b + 59. Let x be d(-29). What is the highest common factor of 284 and x?
71
Suppose 18*m = 20*m + 8. Let y(g) = -2*g. Let p be y(m). Calculate the greatest common divisor of p and 12.
4
Suppose -7*g + 470 = 50. Let y be 4/3*(-1 + 4). Suppose -n = y*m - 0*m - 8, -4*m = 4*n - 80. Calculate the highest common divisor of g and n.
12
Let w be 382 + 9/((-99)/(-55)). Calculate the highest common factor of 172 and w.
43
Let g = -594 - -730. What is the highest common divisor of g and 40?
8
Suppose -5*b = -4*b - 195. Suppose -8*r + 7*r + b = 0. What is the highest common factor of r and 15?
15
Let m = 30 + -30. Suppose -2*y - 5*p - 39 = m, -5*y - 35 = -p - 5. Let k be (8 + -1)/(y/(-7)). What is the greatest common factor of k and 28?
7
Suppose 0 = -5*t - 3*o - 90, -t - 3*o = 9 + 9. Let u be t/(-3) + (-10)/(-5). What is the highest common factor of 32 and u?
8
Suppose 2*r + 72 = -86. Let b = 29 - r. Let q(i) = -11*i + 1. Let l be q(-1). Calculate the greatest common divisor of l and b.
12
Suppose 111*c = 76*c + 3465. What is the highest common factor of 88 and c?
11
Let p be 3069/24 - (-10)/80. Calculate the greatest common divisor of 72 and p.
8
Suppose -547 = -47*u + 299. Calculate the highest common divisor of 450 and u.
18
Let j be -6*(6/2)/(-6). Suppose -j*o = -207 + 75. What is 